 m(z) = 51*z + 316. Determine m(-6).
10
Let d(g) = -2*g + 26. Give d(10).
6
Let w(k) = -k**2 + 2*k - 4. What is w(5)?
-19
Let w(x) = -x**2 - 8*x - 2. Give w(-9).
-11
Let s(g) = -g**3 - 13*g**2 + 3*g + 10. Give s(-13).
-29
Let h(l) = -2*l + 43. Determine h(0).
43
Let j(d) = 9*d - 12. What is j(6)?
42
Let s(r) = -r**2 - 2*r + 3. What is s(-3)?
0
Let b(w) = 20*w - 179. Calculate b(9).
1
Let d(p) = p**2 + 23*p + 98. Give d(-17).
-4
Let x(s) = -s**2 + 25*s + 53. Determine x(27).
-1
Let q(g) = g**3 - 10*g**2 - 2*g - 22. Give q(10).
-42
Let q(s) = 36*s + 222. Determine q(-6).
6
Let b(i) = -5*i + 40. What is b(8)?
0
Let g(k) = -2*k**2 - 25*k - 15. What is g(-12)?
-3
Let b(n) = 6*n - 23. Determine b(5).
7
Let t(m) = -28*m + 22. What is t(0)?
22
Let x(j) = j**2 + 6*j - 4. What is x(-9)?
23
Let g(q) = -q**3 - 28*q**2 - 4*q + 1. Calculate g(-28).
113
Let b(a) = -a**3 - 3*a**2 + 13*a + 12. Give b(-5).
-3
Let n(p) = -19*p**2 + p. Calculate n(1).
-18
Let o(g) = -7*g + 171. What is o(25)?
-4
Let s(d) = -2*d**2 + 41*d - 16. Give s(20).
4
Let w(h) = h**3 - 12*h**2 - 11*h - 1. Determine w(13).
25
Let o(v) = -24*v + 30. Give o(2).
-18
Let q(v) = 11*v - 180. Give q(17).
7
Let l(t) = -13*t**2 - t - 1. What is l(1)?
-15
Let i(k) = -k**2 - 8*k + 21. What is i(4)?
-27
Let a(u) = 22*u - 139. Determine a(6).
-7
Let a(u) = u**3 - 7*u**2 + 7. Give a(7).
7
Let m(j) = 11*j - 12. Determine m(17).
175
Let k(f) = -f**3 + 5*f**2 + 5*f - 3. Give k(0).
-3
Let n(c) = -24*c**3 - 2*c**2 - 3*c - 3. What is n(-1)?
22
Let g(h) = -2*h**3 - 4*h**2 + 2*h + 2. Calculate g(-3).
14
Let z(h) = -h**3 - 6*h**2 - 4*h - 22. Determine z(-6).
2
Let o(m) = -m**2 - 25*m - 21. Determine o(-19).
93
Let f(k) = -k**2 + 5*k + 74. Determine f(11).
8
Let f(g) = g**2 + 2*g - 3. What is f(0)?
-3
Let l(i) = -2*i - 6. What is l(-2)?
-2
Let c(a) = -3*a - 25. Calculate c(-11).
8
Let k(b) = b**3 + 7*b**2 - 6*b - 19. Give k(-7).
23
Let z(p) = 3*p - 42. Give z(15).
3
Let b(j) = j - 5. What is b(-7)?
-12
Let m(p) = 3*p - 54. What is m(25)?
21
Let x(b) = -2*b**2 - 49*b - 21. Determine x(-24).
3
Let v(y) = y**3 - 13*y**2 - 47*y - 18. What is v(16)?
-2
Let k(p) = -24*p**3 + p**2 - p - 1. Determine k(-1).
25
Let q(k) = k**3 + 7*k**2 + 8*k - 3. Give q(-6).
-15
Let h(u) = -u**2 - 30*u. Calculate h(-30).
0
Let z(i) = -4*i + 89. Calculate z(19).
13
Let q(g) = -8*g - 57. Give q(-6).
-9
Let j(x) = 7*x**3 + 2*x**2 - x + 4. What is j(2)?
66
Let d(j) = j**3 + 5. Give d(0).
5
Let z(i) = -58*i**2 - 2*i - 2. Calculate z(-1).
-58
Let z(u) = -u**2 + 12*u - 31. What is z(12)?
-31
Let c(w) = -9*w + 263. Calculate c(26).
29
Let x(t) = t**2 + 4*t. Determine x(-4).
0
Let n(l) = l + 12. Give n(10).
22
Let s(m) = -m**2 - 20*m - 104. Give s(-11).
-5
Let a(n) = n**2 - 85*n + 22. Calculate a(0).
22
Let t(w) = 3*w**3 - 37*w**2 - 24*w - 34. Determine t(13).
-8
Let t(p) = -3*p**3 - 26*p**2 + 9*p + 1. What is t(-9)?
1
Let u(m) = 7*m + 45. Determine u(-6).
3
Let j(d) = -3*d + 4. Give j(-5).
19
Let u(o) = o**3 + 5*o**2 - 5*o - 5. Give u(-6).
-11
Let j(a) = a**2 - 5*a + 2. Determine j(2).
-4
Let f(p) = 2*p. Calculate f(-7).
-14
Let b(n) = -n**2 + 2*n + 31. What is b(7)?
-4
Let w(g) = 8*g - 2. Determine w(2).
14
Let w(o) = -o**2 - 3. What is w(2)?
-7
Let z(p) = 2*p**2 - 2. Calculate z(6).
70
Let a(x) = x**3 + 8*x**2 + 5*x - 10. Give a(-7).
4
Let a(r) = -r**2 - r + 3. Determine a(3).
-9
Let d(m) = -m**3 - 11*m**2 - 12*m + 48. Determine d(-9).
-6
Let s(k) = k**3 + 32*k**2 - 2*k - 59. Determine s(-32).
5
Let s(g) = -g**3 + g**2 + 4*g + 3. Calculate s(4).
-29
Let d(j) = -j**3 - 14*j**2 + 8*j. Give d(-14).
-112
Let x(n) = 2*n**2 + 33*n + 123. What is x(-9)?
-12
Let a(i) = i**2 + 18*i + 15. What is a(-16)?
-17
Let g(b) = 2*b**3 - 10*b**2 + 2*b - 4. Give g(4).
-28
Let o(t) = t**3 + 19*t**2 + 3*t + 59. What is o(-19)?
2
Let j(h) = h**2 - 18*h + 42. Calculate j(15).
-3
Let f(l) = -l**2 - l + 6. Give f(-3).
0
Let y(h) = h**3 + 5*h**2 - 5. Give y(-5).
-5
Let a(p) = 46*p - 281. Determine a(6).
-5
Let g(r) = -2*r + 15. What is g(7)?
1
Let b(y) = -4*y + 44. Give b(11).
0
Let c(u) = -4*u + 23. What is c(7)?
-5
Let s(v) = -5*v + 11. Give s(0).
11
Let s(n) = -3*n**3 + 2*n**2 - 2*n + 3. Calculate s(2).
-17
Let x(m) = m**2 - 41*m + 17. Calculate x(41).
17
Let h(t) = -32*t - 12. Determine h(-2).
52
Let k(p) = 7*p**2 - 2*p + 1. Calculate k(4).
105
Let v(x) = x**3 + 8*x**2 + 11*x - 5. Determine v(-6).
1
Let l(t) = t**3 - 4*t**2 + 4*t + 1. Calculate l(2).
1
Let d(v) = 4*v + 1. Calculate d(3).
13
Let v(a) = -a**3 - 7*a**2 + 15*a - 14. What is v(-9)?
13
Let k(v) = -2*v**2 + 25*v + 25. What is k(13)?
12
Let t(r) = -35*r**2. What is t(1)?
-35
Let i(x) = x + 1. Determine i(-5).
-4
Let p(x) = -x**2 + x - 1. Give p(-3).
-13
Let h(u) = -u**2 - 4*u - 2. Give h(-7).
-23
Let s(l) = -l**3 - 10*l**2 - 8*l + 13. Calculate s(-9).
4
Let j(g) = 11*g + 99. Give j(-9).
0
Let n(w) = -w**3 - 12*w**2 - w - 9. Give n(-12).
3
Let z(g) = -g**3 - 2*g**2 + 4*g. What is z(-4)?
16
Let v(n) = 19*n + 2. What is v(1)?
21
Let u(f) = -f**3 + 6*f**2 + 8*f - 3. Give u(7).
4
Let s(c) = -13*c - 92. Give s(-9).
25
Let z(q) = 17*q**3 + q**2. What is z(1)?
18
Let j(d) = d + 5. What is j(-11)?
-6
Let d(h) = 2*h - 23. Calculate d(6).
-11
Let x(j) = j**2 - 38*j - 230. Determine x(44).
34
Let a(g) = 2*g**3 + 4*g**2 - 6*g + 1. Calculate a(-4).
-39
Let w(m) = -4*m**2 - 28*m + 73. Give w(-9).
1
Let q(m) = m**2 + m. Determine q(1).
2
Let w(s) = -3*s - 7. What is w(-6)?
11
Let a(n) = n**3 + 13*n**2 - 31*n - 22. Give a(-15).
-7
Let y(l) = l**2 - 3*l - 13. Determine y(6).
5
Let h(o) = 3*o + 63. Calculate h(-27).
-18
Let l(w) = w - 10. Determine l(14).
4
Let v(o) = o**3 - 4*o**2 + 10*o - 5. Calculate v(3).
16
Let j(z) = z**3 - 10*z**2 - 15*z + 15. Determine j(11).
-29
Let g(z) = -z + 2. Give g(-5).
7
Let k(p) = p**2 + 18*p + 26. Determine k(0).
26
Let n(k) = -2*k + 9. Determine n(6).
-3
Let n(w) = -w**2 + 2*w + 1. Give n(0).
1
Let n(l) = 2*l + 137. Calculate n(-25).
87
Let w(m) = 20*m + 11. What is w(10)?
211
Let j(d) = d**3 - 16*d**2 + 63*d + 9. What is j(9)?
9
Let v(x) = 2*x**2 + 13*x - 5. Give v(-8).
19
Let b(z) = 2*z**2 - 30*z - 3. Give b(15).
-3
Let w(u) = u**3 - 25*u**2 + 25*u - 35. Give w(24).
-11
Let w(z) = -z**3 - 5*z**2 - z - 1. Give w(-2).
-11
Let f(s) = -31*s - 41. Determine f(-5).
114
Let a(t) = -t**3 + 9*t**2 + 14*t - 15. Determine a(10).
25
Let j(n) = -n**3 - 12*n**2 - 11*n - 31. What is j(-11)?
-31
Let o(u) = u**3 - 11*u**2 + 8*u - 5. Determine o(11).
83
Let x(k) = k**3 - 14*k**2 + k + 19. Calculate x(14).
33
Let u(t) = t**3 + 3*t**2 - 4*t - 2. Calculate u(-4).
-2
Let j(o) = -3*o - 77. Calculate j(-24).
-5
Let i(s) = 2*s**2 - 4. What is i(4)?
28
Let w(v) = -2*v**2 + 2*v - 2. Calculate w(4).
-26
Let w(j) = j**3 + 27*j**2 - 32*j - 47. Determine w(-28).
65
Let n(m) = -4*m**3 - 4*m**2 + 8*m + 2. Give n(3).
-118
Let v(d) = 5*d**3 + 2*d**2 + 2*d - 3. Give v(1).
6
Let h(a) = -a**3 + 2*a**2 + 2. What is h(4)?
-30
Let l(a) = a**3 - 3*a**2 + a - 6. What is l(3)?
-3
Let w(c) = 5*c**2 + 2*c - 2. Calculate w(1).
5
Let p(x) = -x**3 + 4*x**2 + 3*x + 7. Determine p(6).
-47
Let m(l) = 2*l**2 + 2*l. Calculate m(2).
12
Let c(v) = 2*v**2 + 3*v + 2. Give c(-1).
1
Let c(j) = -10*j - 10. Determine c(3).
-40
Let r(p) = -p**2 - 7. Calculate r(-8).
-71
Let a(z) = 3*z**2 - 14*z + 2. Determine a(6).
26
Let c(h) = -h**3 - h**2 - 3*h + 4. Determine c(-3).
31
Let q(v) = 4*v + 28. Determine q(-9).
-8
Let o(f) = 10*f - 468. Calculate o(47).
2
Let u(n) = 5*n - 85. What is u(19)?
10
Let f(p) = -6*p + 1. Determine f(1).
-5
Let o(r) = -4*r**2 + 12*r - 2. Calculate o(-4).
-114
Let q(h) = -3*h - 7. Calculate q(-13).
32
Let z(o) = 28*o - 10. Determine z(-3).
-94
Let j(u) = -u**3 - 6*u**2 + 7*u - 11. Determine j(-7).
-11
Let p(m) = -4*m + 43. Calculate p(12).
-5
Let y(f) = f**2 + 24*f + 139. Determine y(-9).
4
Let s(p) = -2*p**2 + 8*p + 65. Give s(-4).
1
Let r(t) = -3*t - 7. Give r(-4).
5
Let k(r) = -r**2 - 30*r + 44. Calculate k(-30).
44
Let k(l) = l**3 - 8*l**2 - 6*l - 8. What is k(9)?
19
Let w(j) = 7*j**2 - 73*j + 20. Determine w(10).
-10
Let q(g) = 4*g**2 + 22*g + 21. Calculate q(-3).
-9
Let d(i) = i**3 + 7*i**2 - 3*i - 24. Calculate d(-6).
30
Let p(d) = 2*d**2 - 3*d - 49. What is p(6)?
5
Let l(p) = -5*p - 184. Give l(-30).
-34
Let s(j) = -j*